t b = -176 - -307. Let k = s - b. Calculate the highest common factor of 12 and k.
12
Let t be (-4)/14 + 256/14. Suppose -134*f + 123*f + 297 = 0. What is the greatest common divisor of t and f?
9
Let x = 91 - 46. Let a be -22 - -14 - -19*2. Calculate the greatest common divisor of x and a.
15
Suppose i = 5*i + 12. Let v be (184/(-24) - i)/((-2)/9). Calculate the highest common divisor of 42 and v.
21
Let n(k) = k**3 - 13*k**2 + 11*k + 14. Let h be n(12). Let m be (h*2/(-6))/(2/(-9)). Suppose r + 0 = 6. Calculate the greatest common factor of m and r.
3
Let d be 10 + 2 + (0 - -1). What is the highest common factor of d and 39?
13
Suppose 4*s - 53 = -45. What is the highest common divisor of s and 74?
2
Suppose 0 = -5*t + f - 405 - 419, f + 166 = -t. Let w = 293 + t. What is the greatest common divisor of w and 8?
8
Let f = 22 + -6. Let o(r) = r**3 - 6*r**2 + r - 2. Let i = -39 + 45. Let v be o(i). What is the greatest common factor of v and f?
4
Suppose 0 = 12*x - 2033 - 703. What is the greatest common factor of 60 and x?
12
Let t = 15 + -26. Let l = t - -21. Let w = 216 - 136. What is the greatest common divisor of l and w?
10
Let j(w) = -22*w**3 - 2*w**2 - 4*w - 4. Let x be j(-2). Calculate the highest common factor of x and 43.
43
Let t = 595 + -385. Let i = 314 - t. What is the highest common divisor of i and 26?
26
Suppose -70 = -4*r - 3*f + 48, -4*f = -r + 20. Suppose l = -2*l + 126. Calculate the highest common factor of l and r.
14
Let y = -1112 - -1160. What is the highest common factor of 120 and y?
24
Let a(n) = -17*n + 49. Let s be a(2). What is the greatest common divisor of 27 and s?
3
Let y be (4/5)/(9/405). What is the greatest common divisor of 66 and y?
6
Let c be -2*5/20*-14. Let k = 98 - 42. What is the greatest common factor of k and c?
7
Let a(y) = 0*y**2 + 6 - 4*y**2 - 55*y**3 - 2*y + 5*y + 54*y**3. Let g be a(-5). What is the highest common factor of g and 80?
16
Let x(g) be the third derivative of g**5/12 - 7*g**4/24 + 2*g**3 + 4*g**2. Let i be x(4). What is the highest common factor of i and 16?
16
Suppose 0 = 147*m - 167*m + 5200. What is the highest common factor of 52 and m?
52
Let g(h) = 2*h - 2. Let t be (1/2)/(7/42). Let x be g(t). What is the highest common divisor of 32 and x?
4
Suppose 6*q - 59 = 1477. What is the greatest common factor of q and 64?
64
Suppose -30 + 6 = -6*g. Suppose -c - 22 = -4*f, -f + 4*c + g = f. What is the greatest common divisor of f and 3?
3
Let g(j) = j + 4. Let x be g(-3). Let k be (x/(-4) - 46/(-24))*69. Let t = 158 - 112. What is the highest common factor of t and k?
23
Let v(x) = 35*x. Let j be v(1). Let c(t) = -t**3 - 7*t**2 - t + 7. Let l be c(-7). What is the greatest common divisor of j and l?
7
Let r be 546/9 + 4/(-6). Suppose -5*n + 10*n = r. Suppose n*y = 13*y - 30. Calculate the highest common factor of 20 and y.
10
Let d be (-8)/(-6)*(33 - 3). Suppose 0 = -18*t + 16*t + d. What is the greatest common divisor of 5 and t?
5
Let t = -515 - -599. What is the highest common factor of 1092 and t?
84
Suppose 29*p - 582 - 1071 = 0. What is the greatest common factor of 3 and p?
3
Suppose 9*d = 6*d - 2*c + 204, 120 = 2*d - 4*c. What is the greatest common divisor of 231 and d?
33
Let q = -543 - -552. What is the highest common factor of q and 396?
9
Suppose 28 = 4*s - z + 5*z, 7 = s - 3*z. Let l(d) = 4*d + 11. Let p be 13/3*3*1. Let v be l(p). What is the greatest common divisor of s and v?
7
Suppose 9*n - 8*n - 63 = 0. Let r(i) be the second derivative of 2*i**4/3 - i**3/2 + i**2 + 6*i. Let x be r(1). What is the highest common factor of n and x?
7
Let r(u) = -10*u + 150. Let t be r(6). What is the highest common factor of 3510 and t?
90
Let b = 6 + 11. Let x(w) = w**2 + 22*w - 143. Let t be x(-31). Calculate the greatest common factor of b and t.
17
Let j = 4 - 2. Suppose j + 10 = 2*l. Let n(z) = 4*z**2 - 10*z + 18. Let x be n(4). Calculate the greatest common divisor of x and l.
6
Let n(h) = -39*h**3 + 10*h**2 + h - 4. Let d be n(-3). What is the highest common factor of 213 and d?
71
Suppose -5*y = -10 - 5. Suppose -286 = -y*t + t. Let d be ((-1)/(-2))/(9/234). Calculate the highest common factor of d and t.
13
Suppose 4*z - 88 = -92, -3*w + 143 = z. What is the highest common divisor of w and 4128?
48
Let w(b) = b**2 - 2*b. Let s be w(2). Let g = 2 - s. Suppose 0 = -2*c - 3*c + 20. Calculate the highest common divisor of g and c.
2
Let w(p) = -3*p + 156. Let h be w(-15). What is the greatest common factor of h and 67?
67
Suppose 0 = -4*q - 4*a + 1328, 3*a - 1658 + 329 = -4*q. What is the greatest common factor of 9 and q?
9
Suppose -4005 - 585 = -10*o. Calculate the highest common factor of 54 and o.
27
Let c(j) = 2*j + 6. Let z be c(5). Let p = z + -14. Suppose -3*r + 32 = r + 2*i, 22 = 5*r - p*i. What is the highest common factor of r and 42?
6
Suppose x + 3*f + 3 = -2, 0 = 4*f. Let v be 22/(x/(-2) + -2). Suppose -4*b = -8*b + v. What is the highest common factor of 1 and b?
1
Let n be 20/(-30) - 700/(-6). What is the greatest common divisor of 4 and n?
4
Let s(m) = -m**2 - 6*m - 1. Let n be s(-5). Let l(p) = 3*p**3 + 271*p - 546. Let v be l(2). Calculate the highest common factor of n and v.
4
Suppose 77 = 2*s + 17. Let d(x) = 18*x**2 + 5*x - 7. Let p be d(2). What is the highest common factor of s and p?
15
Let w(a) = a**2 - 9*a + 1. Let v(j) = -5*j - 3. Let n be v(-3). Let i be w(n). Calculate the greatest common factor of 407 and i.
37
Let r(l) = 129*l + 12. Let i be r(-4). Let u be i/35*(-10)/2. Let w = -2 + 11. What is the highest common factor of u and w?
9
Suppose 0 = h + a - 50 - 36, -4*h + 5*a = -362. What is the highest common factor of h and 2?
2
Suppose -3*v = 2*v - 10. Let x(y) = 4*y**2 + 4*y + 2. Let b be x(-2). Suppose 0 = -0*w - w + b. Calculate the greatest common divisor of w and v.
2
Let v = 4868 + -2987. Calculate the highest common factor of 198 and v.
99
Let h be 14*-6*3/(-12). Suppose 11*b = -11 + 44. Calculate the highest common divisor of h and b.
3
Let j(x) be the first derivative of x**3/3 - 2*x**2 - 17*x + 3. Let f(o) = o + 3. Let c be f(4). Let n be j(c). What is the highest common divisor of 36 and n?
4
Suppose -i - 2*l = l - 15, 4*l - 28 = -4*i. Suppose i*f = 5*f - 44. Let a = 244 + -134. What is the highest common divisor of f and a?
22
Let a = 199 + -197. Let x(l) = l**3 + 6*l**2 + 10*l + 10. Let h be x(-4). What is the highest common divisor of a and h?
2
Suppose 4*m = 5*h + 12, 4*h - 4*m = -3*m - 3. Let j be (h + 3)*-52*(-6)/36. Calculate the highest common divisor of 26 and j.
26
Let p(i) be the third derivative of -i**5/30 + 9*i**3/2 + 38*i**2. Let r be p(0). Calculate the greatest common factor of r and 9.
9
Let s = 1 - -1. Suppose -2*m + 20 = -m + h, 0 = -s*m + h + 43. Suppose -y = -2*y + 42. What is the greatest common factor of y and m?
21
Let r(p) = -2*p**3 - p**2 + 2*p. Let n be r(-4). Suppose -10*b + 37 = -93. What is the highest common factor of n and b?
13
Let j(b) = b**3 + 17*b**2 + 3*b + 62. Let x be j(-16). Calculate the greatest common divisor of 108 and x.
54
Let a(p) = p**3 - 2*p**2 + 6*p - 7. Let j be a(3). Let h(l) = -l**2 + l + 20. Let o be h(0). Calculate the greatest common divisor of o and j.
20
Let m be (1 - -35)/(24/16). What is the greatest common factor of 18 and m?
6
Let t be 16/3*(-3)/(-2). Suppose -5*m = -7 - t. Suppose -4*i + u + 33 = -75, i - m*u - 27 = 0. What is the highest common factor of i and 3?
3
Let f = 87 + -72. Calculate the greatest common divisor of 105 and f.
15
Suppose 0 = 12*u + 8*u - 480. What is the highest common factor of u and 156?
12
Let w be 890/12 - (-1)/(-6). Calculate the greatest common divisor of 111 and w.
37
Let a = -8 - -153. Let q be a - (3 + (-1)/1). Let s = -30 - -43. What is the highest common divisor of s and q?
13
Let g be (16/40)/((-19)/(-6270)). Calculate the highest common divisor of g and 561.
33
Let b(t) = -11*t**2 - 3*t - 5. Let x be b(-2). Let p = -10 - x. What is the greatest common divisor of 198 and p?
33
Let d be (-12)/1 + -11 + 8. Let y = -6 + d. Let u = 45 + y. What is the highest common factor of u and 16?
8
Let w be (-4)/16 + (-89)/(-4). Let x be (-1)/(20/(-90) + 38/198). What is the greatest common factor of w and x?
11
Suppose 2*q + 5*a - 13 = 8*a,